igit of j?
3
Let w(m) = -22*m - 9. Let g be w(-5). Suppose 0 = -6*t - g + 1925. Suppose 3*i = -3*b + 243, -4*b + t = -0*i - i. What is the units digit of b?
7
Let m = 11765 - -11296. What is the units digit of m?
1
Let x(y) = 533*y - 3619. What is the thousands digit of x(57)?
6
Suppose -10*r = -2*r. Suppose r*j = -j + 9. What is the units digit of (2*5)/(j/72)?
0
What is the thousands digit of 1434*((232/16 - 5) + 5)?
0
Let g(h) = 2*h**3 + 6*h**2 - 9*h. Let n be g(-4). Let m be -4*(0 - n)/4. What is the units digit of (-1926)/(-42) - m/(-28)?
6
Suppose 9*v = 6*v - 1971. What is the hundreds digit of (12/(-4) - -2)*(v + 1)?
6
Let u be ((-126)/24 - -6)*-52. What is the hundreds digit of 202/3*u/(-2)?
3
What is the hundreds digit of 6/(((-14910)/(-56))/(6387/24) - 1)?
7
Let v(h) = 2*h - 5*h + 11 - 4*h. Let j = -358 - -353. What is the units digit of v(j)?
6
Let x be ((-48)/(-32))/((-2)/84). What is the units digit of 3*826/x*-3?
8
Let p = -10875 - -15847. What is the tens digit of p?
7
Let h = 5743 + 4320. What is the ten thousands digit of h?
1
Suppose 17 = 5*w - 8. Suppose -5*l = w*q - 2147 + 657, 0 = -3*q - 2*l + 889. What is the tens digit of q?
9
Let j(m) = -159*m - 78. Let k be (-6 + 12 + -1)*-1. What is the tens digit of j(k)?
1
Suppose -4*v + 264 = -0*v. Let f = -54 + v. Let p = 18 - f. What is the units digit of p?
6
Suppose 3*v = 2*u - 3893, -4*u + 6*u - 3891 = 5*v. Let d = -305 + u. What is the thousands digit of d?
1
Let u be 20/(-70) + (-870)/42. Let y(j) = -44*j + 100. What is the tens digit of y(u)?
2
Suppose -33 = -4*z - z - 4*k, 11 = 3*z - 2*k. Suppose 0 = -z*w - 3*q + 61, 0 = -3*w + q - 0 + 45. What is the units digit of (w/(-4))/((-9)/18)?
7
Let r = -443 + 448. Let j(s) = 16*s**2 + 2*s**2 + 4 - 2*s - s**3 - 2*s - 7*s**2. What is the tens digit of j(r)?
3
What is the hundreds digit of -1405*41/((-2665)/78)?
6
Suppose 706 = -5*h + 296. Let a(i) = -155*i**2 - 2*i + 1. Let f be a(1). Let w = h - f. What is the tens digit of w?
7
Let c = -25110 - -44194. What is the hundreds digit of c?
0
Let g(c) = -2*c + 1. Let o(q) = -18*q - 8. Let d(t) = -28*g(t) + 4*o(t). What is the hundreds digit of d(-16)?
1
Suppose 4*i + s + 5 + 120 = 0, -5*i - 130 = -4*s. What is the hundreds digit of 176/6*(i/(-2) - 6)?
2
Suppose -u + d = -4, 0 = -2*u - 3*u + 3*d + 16. Suppose -3*m + 27 = -4*j, -u*m - 18 = -4*m - j. Suppose 985 = -m*l + 2659. What is the tens digit of l?
8
Let h(c) = -2*c**3 - 85*c**2 + 22*c + 58. What is the tens digit of h(-43)?
6
Let p be -2*((-48)/(-20) + 2/(-5)). Let x = -83 - p. Let m = x + 183. What is the hundreds digit of m?
1
Suppose 0 = 4*m - 32, -168*k + 167*k = -3*m - 51783. What is the tens digit of k?
0
Suppose 5*g + 14951 = 2*z, -33*g = -37*g - 28. What is the units digit of z?
8
Suppose 0 = 3*s - v - 3560, -2*s - 4765 = -6*s + 5*v. Let b = -796 + s. What is the hundreds digit of b?
3
Let m(t) = 91 + 5*t + 3*t - 103. Let k be m(17). Suppose 6*d = 842 + k. What is the hundreds digit of d?
1
Let f(s) be the second derivative of s**5/20 + 7*s**4/12 + 2*s**3/3 + 9*s**2/2 - 44*s. What is the tens digit of f(-4)?
4
What is the units digit of (-15)/(-25) + (-4 - 57276/(-15))?
5
Let t = 83 + -79. Suppose -t*h - 20 = -9*h. Suppose -j - 621 = -h*j. What is the tens digit of j?
0
Suppose r + 739478 = 27*r - 116806. What is the tens digit of r?
3
Let o = -33 + 15. Let z be (-1 - -2*2)*(-1596)/o. Suppose z = 2*b - 2*h, b - 100 - 42 = -2*h. What is the units digit of b?
6
Let l = -19735 - -33790. What is the units digit of l?
5
Suppose -4*j + 92 = 2*c, -4*j + 4*c = -125 + 45. Suppose 17*t = j*t - 2555. What is the hundreds digit of t?
5
Let h(n) = 2*n**2 + 18*n - 9. Let z be h(7). Let q be (2 + -1)/(650/z + -3). Suppose -b + 73 = -i, b - q - 38 = -3*i. What is the units digit of b?
5
Let i = -674 + 46. Let r = i + 919. What is the units digit of r?
1
Let r be (0 - 2)/(-2 + (-3)/(-2)). Suppose 22 = 7*f + r*f. What is the tens digit of -82*(f + -2 - 1)?
8
Suppose 2*o = 8*o - 24. Suppose 0 = c + a - 37 - 339, -4*a = -o. Let h = 576 - c. What is the units digit of h?
1
Suppose -9*v - 20 = -2*o - 4*v, 4*o = 4*v + 52. Let w be 0 + ((-12)/3)/(-1). Suppose j - w*j = -o. What is the units digit of j?
5
Let j(b) = 2*b**3 + 61*b**2 + 20*b - 195. What is the units digit of j(-24)?
3
What is the thousands digit of (-388)/97*(-12)/(-8)*(-11623)/3?
3
Suppose 6*p = -28 - 32. What is the units digit of (p + 1 + 10)/(1/97)?
7
Let g(b) = -3*b**2 + 9*b + 4. Suppose 0 = -c + 3*w + 10 - 1, 3 = c - w. Suppose 2*k = -c*s + 4*s + 2, 0 = 2*k + 5*s - 11. What is the units digit of g(k)?
4
Let l be (28/(-49))/(1/(-7)). What is the units digit of (-435 + -3)*(10/3 - l)?
2
Let l(g) = -g**3 - 14*g**2 - 11*g + 26. Let p be l(-13). Suppose -5*x - 4 + 14 = p. Suppose -x*y + 71 + 113 = 0. What is the units digit of y?
2
Suppose -178*b + 1075758 = -452192 - 847104. What is the units digit of b?
3
What is the tens digit of (1692/(-108))/((-1)/723)?
2
Suppose 3*p = 2448 + 1026. Let u = 1797 - p. What is the units digit of u?
9
Let v(k) = 42*k - 3. Let q be v(7). Suppose -7*f = -1172 - q. What is the units digit of f?
9
Let h(u) = 13*u - 4. Let v be h(11). Suppose v = 4*j - 337. What is the units digit of j?
9
Suppose 3*v + 256 = 5*p, -103 = -2*p - 4*v + 5*v. Let s = -52 + p. Let l = 90 + s. What is the units digit of l?
1
Suppose 5*s + 6 = 2*s, -5*s = -4*r + 1746. Suppose 5*n + r = -0*u + u, 2*u - 868 = 3*n. What is the units digit of u?
4
Let t = 72 + -31. Let x = t + -37. What is the tens digit of ((-1092)/x)/(-3) + -2?
8
Let j(l) = -16*l + 18. Let q be j(-6). Let t = 22 + q. What is the hundreds digit of t?
1
Suppose t + 3*p - 21933 + 281 = 0, -3*p + 3 = 0. What is the ten thousands digit of t?
2
Suppose -3*y - z + 90704 = 0, 3*y - 23*z = -20*z + 90708. What is the thousands digit of y?
0
Let i = -5579 - -9147. What is the hundreds digit of i?
5
Suppose -20*u - 51200 = -417220. What is the tens digit of u?
0
Let c be (-39 - 1)/5 - -11. Suppose -n + 3*u = -u - 621, n - c*u - 619 = 0. What is the units digit of n?
3
Suppose 0 = -5*i - 3 + 18. Suppose p + 13 = i*h - p, 3*p = -2*h + 13. Suppose -4*k + h*m + 9 = 0, 4*m = -3*k + m + 27. What is the units digit of k?
6
Suppose -13*o - 1631 = -17673. Suppose -2*a + 6*a = -5*g + o, -4*g = 3*a - 925. What is the hundreds digit of a?
3
Let y be (-2740)/(-8)*42/35. Suppose 5*h - 2*g - 189 = 480, -3*h + y = 2*g. What is the tens digit of h?
3
Suppose -3*g - 6 = -5*l, -g - 3*g - 3*l = -21. Let c = -4 + 8. Suppose -d = 4*v - 39, -c*d - 3 - 50 = -g*v. What is the units digit of v?
1
Let i(u) = -56*u**3 + 2*u**2 - 2*u - 11. Let j be i(-3). Let l = 2610 - j. What is the hundreds digit of l?
0
Let k(b) = 22*b**3 + 39*b**2 - 192*b + 12. What is the units digit of k(8)?
6
Let w(h) = 171*h + 89. Let f be w(-4). Let l = f + 1955. What is the hundreds digit of l?
3
Let c(y) = -6*y**2 + 6*y - 11. Let j be c(5). Let l = j + 775. What is the tens digit of l?
4
Suppose -15738 = -28*u + 24*u + 2*c, 3938 = u + 3*c. What is the thousands digit of u?
3
Let k(f) = -4*f**2 - 4*f - 37. Let c(r) = 4*r**2 + 4*r + 36. Let n(w) = 6*c(w) + 5*k(w). What is the units digit of n(-7)?
9
Suppose -1250 = 3*i - 13*i. Let j = 139 + i. Suppose j = -6*v + 10*v. What is the tens digit of v?
6
Suppose -k + 12741 = 4*i, 111*k - 109*k - 25470 = -2*i. What is the thousands digit of k?
2
Let u be ((-81)/(-15))/((-3)/(-10)) + -3. Suppose 18*o - 276 = u*o. Suppose -5*v = -2*y - 35 - 129, 0 = -3*v - 2*y + o. What is the units digit of v?
2
What is the hundreds digit of (-11 + 11 - 13076/(-5))/(6/15)?
5
Suppose -w + 4 = -1, -k - 3*w = -23. Suppose -15*v = -8*v - 924. What is the units digit of (k - 2)/(6/v)?
2
Let z be 4/12*30/2. Suppose 4*x - x - 2066 = -z*l, 0 = -x - 2*l + 687. Suppose 0 = -3*q - 12, 5*s + 4*q = 447 + x. What is the units digit of s?
2
Let y be 22*(5 - -3)/4. Let k be -1 + 4 + y + -18. What is the tens digit of k/(1 + (1/2)/(-1))?
5
Let f = 10 - -22. Suppose f = 9*g - 58. What is the tens digit of (-1 - -1) + 460/g?
4
Let c be 527*11 - ((-7)/(-7) + 2). Suppose 9*b - c = -1024. What is the tens digit of b?
3
Suppose -t = -6395 - 1672. What is the thousands digit of t?
8
Let d = 2 - -17. Let f = d - 19. Suppose c + 3*r - 65 = 0, -5*c + 3*r + 0*r + 253 = f. 